ose q*z + 40 = v, v + 2 = -3*z + 30. Is v a multiple of 16?
False
Suppose 3*s = -0*q - 2*q - 23, 2*s + 18 = -2*q. Let h = s + 8. Suppose h*a - 5*y - 44 = 0, -3*y + 0 + 6 = 0. Does 9 divide a?
True
Let s(j) = -j**3 - 7*j - j**2 + 9*j**2 - 3*j**2 - 4 + 6*j. Does 8 divide s(3)?
False
Suppose 0 = 2*r, u = -0*u + 2*r + 9. Is u a multiple of 3?
True
Is 6/((-847)/3740 - 1/(-4)) a multiple of 17?
True
Suppose 4*f - 4 = 80. Is 7 a factor of f?
True
Let y(o) = o + 6. Let u be y(-6). Suppose -3*z + 2*z + 2 = u. Suppose -5*n - 3*f = -49, -z*n + 10 = -f - 3. Does 5 divide n?
False
Is 2 + 86/(-4)*(-2 + 0) a multiple of 13?
False
Suppose -5*y = 6 + 19, 5*y + 29 = -2*o. Let l be 3/(-6) + 17/2. Let m = o + l. Does 3 divide m?
True
Suppose -29*w - 105 = -32*w. Does 5 divide w?
True
Let w be (-40)/(-12)*(-24)/(-5). Suppose 10 = 2*d - w. Is d a multiple of 6?
False
Let a be (2/(-4))/((-5)/50). Suppose a*h = 3*q + 32, -3*q = -1 + 13. Suppose -z + 90 = h*z. Does 6 divide z?
True
Suppose 4*c = -0*c - 3*w - 6, 5*c = 2*w + 4. Is 3 a factor of 4*(c + 2) + 0?
False
Let p be -3*(-6)/21*7. Let u = 8 - p. Suppose 0 = -4*g + 4*m + 64, -u*g + 5*m + 9 + 14 = 0. Does 16 divide g?
False
Suppose 5*z = -k - 10, 4*z + 7 = -1. Suppose 5*s + 0*s - 120 = k. Is s a multiple of 14?
False
Suppose 0 + 2 = 2*o. Let p be (o/(-1))/(-1) + -1. Let i = p + 3. Does 3 divide i?
True
Suppose -3*h + 38 - 593 = -5*p, -5*p = 2*h - 530. Does 17 divide p?
False
Let b = 12 + -9. Suppose s - 5*l = -b*s - 4, -20 = -4*s - l. Is 4 a factor of s?
True
Suppose -4*c - 2 = -14. Suppose -h - 73 + 14 = -2*u, -c*u = -2*h - 86. Does 13 divide u?
False
Let j be -33 + (-2 + 0 - -3). Let m = j + 49. Does 12 divide m?
False
Suppose -4*v = -154 + 22. Does 11 divide v?
True
Let q = 0 + 8. Let c(u) = 8 + 5*u**2 + 15*u**3 + u - 13*u**2 - 14*u**3. Is 8 a factor of c(q)?
True
Let s(z) = 5*z**2 - 3*z - 2. Is 11 a factor of s(4)?
True
Let u(s) = s**2 - s + 81. Is u(0) a multiple of 27?
True
Does 11 divide (-5 - -1) + 0 + 38?
False
Let p(b) = 45*b. Let n be p(-4). Does 13 divide n/(-7) - 2/(-7)?
True
Suppose 0 = 2*k - 4*k. Suppose 5*y + 15 = k, 3*y - 3 = -h - 5. Does 6 divide h?
False
Is 37 a factor of (111/12)/(11/(-4) - -3)?
True
Let l be (2 - -1)/3*-7. Let j = 7 + l. Suppose p = -1, 3*t - t + p - 61 = j. Is t a multiple of 13?
False
Let f = 46 - 10. Does 18 divide f?
True
Let f = -32 - -73. Is f a multiple of 8?
False
Let h = -19 + 22. Suppose -h*g - 176 = -7*g. Does 16 divide g?
False
Suppose 3*h - 24 = 7*h. Let j be 4/h*(1 + -4). Suppose -2*m - j*m = -76. Is m a multiple of 19?
True
Let h(x) = x + 10. Suppose 0 = -4*y - 5*f + 20, f - 4 + 0 = 3*y. Is h(y) a multiple of 5?
True
Suppose -4*w = 12, 3*f - 7 = 4*w + 29. Is 2 a factor of f?
True
Let s = -26 - -67. Is s a multiple of 13?
False
Let v be ((-4)/(-6))/((-8)/144). Let s = v - -19. Does 7 divide s?
True
Suppose 0*x + 215 = 3*p - x, 20 = 5*x. Is 6 a factor of p?
False
Let q(k) = -k + 11. Let f be q(6). Suppose f*r - r = 24. Suppose -r = -v + 3. Is v a multiple of 4?
False
Let u(l) = 5*l**3 + 2*l**2 - 9*l - 2. Let a(d) = 4*d**3 + d**2 - 8*d - 1. Let z(g) = -4*a(g) + 3*u(g). Is z(3) a multiple of 4?
True
Suppose 5*d + 5*y = 1780, 0*d - 3*d - 5*y + 1076 = 0. Is d a multiple of 17?
False
Suppose 0*v + 32 = v. Is 16 a factor of v?
True
Let m(z) = 13*z**2 + z - 20. Does 25 divide m(-5)?
True
Suppose -4*q + 578 = -418. Does 31 divide q?
False
Let i(w) = -w**2 + 18*w - 19. Does 22 divide i(13)?
False
Does 19 divide 1/((-3)/(-159) + 0)?
False
Suppose -2*h = -50 - 250. Suppose -5*c + 90 = -h. Is c a multiple of 19?
False
Suppose -5*o - 4 = -2*h, -5*h + 10 = -4*o + 2*o. Let w(a) = a**3 + 2*a**2 + a. Does 18 divide w(h)?
True
Suppose 4*y = -k - y - 222, -3*k + 2*y = 598. Let a = -120 - k. Suppose 3*x + 2*p = a, -x = 2*p - 3*p - 34. Is x a multiple of 15?
True
Does 14 divide (-25)/2*(-364)/65?
True
Let o = 184 + -64. Is o a multiple of 40?
True
Let t = 5 + 0. Suppose -4*q - 2*d = -30, -2*d + t = -q - 0*q. Suppose q*k - 15 - 75 = 0. Does 14 divide k?
False
Let s = -108 - -118. Does 3 divide s?
False
Suppose r + n = -3*r + 262, r - 71 = -3*n. Suppose 0*d + r = 3*d + 2*g, -5*g = -d - 1. Does 6 divide -5 + d - 1*2?
True
Let b(s) = s - 2. Let w be (0 + -18)*(6 + -7). Suppose w - 63 = -5*a. Is b(a) a multiple of 7?
True
Suppose -5 = 2*c - 15. Suppose c*r = 2*r + 57. Is 7 a factor of r?
False
Let g(o) be the third derivative of -o**6/120 - o**5/6 - o**4/24 + 2*o**3 + 2*o**2. Is g(-10) a multiple of 9?
False
Suppose 554 = 12*d - 454. Does 12 divide d?
True
Let r(p) = 8*p + 29. Does 20 divide r(9)?
False
Suppose 3 + 17 = 5*o. Let y be -26*(o - (5 + -2)). Is (1 - 3)/(2/y) a multiple of 8?
False
Let o(i) = 6*i - 3. Let v be (0 + 4)*(-9)/(-12). Suppose 7 = -5*d + 5*j - 3, v*d = -2*j + 19. Does 5 divide o(d)?
True
Is 11 a factor of ((-8)/(-6))/2*114 + 0?
False
Let i = 12 - 34. Let l be (38 - 0) + 4/2. Let k = i + l. Is 9 a factor of k?
True
Suppose 2*o = -h + 698, 2*h + 111 = -2*o + 813. Suppose j - 2*d - 89 = 0, 4*d - 84 = -5*j + o. Is 29 a factor of j?
True
Let j = -1 - -4. Suppose -9 = -h - j*o, -3*h - 27 = -3*o - 102. Is h a multiple of 21?
True
Suppose -2*p + 144 = 2*p. Is p a multiple of 16?
False
Suppose 0 = -m - 0*m + 4, 2*l = -3*m + 26. Does 3 divide l?
False
Suppose -2*h = -37 - 43. Let g = h + -25. Does 9 divide g?
False
Suppose m - 28 = -3*m. Suppose 2*z - 1 - 51 = 0. Let u = z - m. Is u a multiple of 12?
False
Let l(p) = -p**3 - 14*p**2 - 14*p - 19. Let k be l(-13). Let i be k/(-15) - 136/(-10). Let a = i - -4. Is a a multiple of 16?
False
Let x be (-10)/(-6) - 9/(-27). Let n be (-1)/x - 6/12. Is 5 a factor of n + 5/(15/48)?
True
Suppose 0 = -0*g - g - 37. Let n = -17 - g. Is 6 a factor of n?
False
Suppose -1410 = -16*h + 11*h. Does 28 divide h?
False
Suppose 3*a - 72 = 123. Is a a multiple of 21?
False
Let z(u) = 2*u**2 - 8*u + 3. Let w be z(5). Suppose 48 = 4*x - 2*y, 2*x - w = x + y. Does 5 divide x?
False
Let z = 758 - 402. Is 41 a factor of z?
False
Let k be -2 + 2 + 15 + 1. Suppose 9 + k = 5*p. Suppose p*h - 2*n = h + 66, -n = 2*h - 31. Does 8 divide h?
True
Suppose 3*c = -5*s + 9, -2*c + 7*c = 5*s + 55. Suppose -c*q + 144 = -6*q. Is 24 a factor of q?
True
Let x(z) = 6*z + 6. Let q = 13 + -8. Does 13 divide x(q)?
False
Let n(m) = -3*m + 2. Let s be (1 + -2)*(7 - 1). Does 10 divide n(s)?
True
Suppose 4*m - 5*o = 2, -1 = -m + 2*o + 1. Let h be 2 - (-1 + (m - -1)). Suppose -3*n - 12 = -3*t, 0 = h*t + n - 12 - 19. Does 3 divide t?
False
Suppose 0 = q - g - 504, 3*q = 6*q + 3*g - 1518. Let p be (-2)/(-9) - q/45. Is (0 - 1)/(1/p) a multiple of 11?
True
Let w = 5 - 5. Suppose -3*d + 51 + 18 = w. Does 23 divide d?
True
Let u(d) = 44*d**2 - d - 1. Let x be 2*-2*2/8. Does 11 divide u(x)?
True
Suppose -4*d + 11 + 33 = 0. Suppose -4*g = 9 + d, 2*h + g = 199. Is h a multiple of 34?
True
Does 12 divide (-2)/(-3) - (-568)/12?
True
Let p = 17 + -18. Is -8*(-38)/(-8)*p a multiple of 11?
False
Does 21 divide 201 + (-1 - 2)*(-14)/(-21)?
False
Suppose 2*o = 3*o + 2*c - 81, -84 = -o - 3*c. Let l be -8*(o/12)/(-5). Suppose l = 5*a - 100. Does 11 divide a?
True
Let c(u) = -2*u + 2. Let a be c(-2). Let m = a + -4. Suppose 8 - 48 = -m*n. Is n a multiple of 15?
False
Let t = -798 - -1124. Does 19 divide (-3)/15 + t/5?
False
Let t be (-2)/(-3)*(-24)/(-16). Let i be 1/(((-6)/(-34))/(-3)). Let s = t - i. Is 9 a factor of s?
True
Suppose -4*v + v = -15. Suppose -15 = i - v. Let q = 14 + i. Is q even?
True
Let j(u) = 10*u - 38. Does 7 divide j(8)?
True
Let s(t) = 163*t**2 - 1. Is 27 a factor of s(-1)?
True
Suppose b = 2*b - 25. Let s = b + -6. Is s a multiple of 9?
False
Let k(r) = 2*r**2 - 2*r - 4. Suppose -5*v = 25, -3*v = 2*z - 7*v - 60. Suppose -3*q + z = -y, 3*q - 2*y = -5*y. Is k(q) a multiple of 18?
True
Let y be (-50)/(-14) - (-3)/7. Let c(i) = 2*i**3 - 2*i**2 - 2*i + 3. Let b be c(2). Suppose y*r = b + 37. Is r a multiple of 11?
True
Suppose k - 40 = 4*b, -k - 5*b + 3 = -28. Is 12 a factor of k?
True
Let x = -127 - -190. Is x a multiple of 7?
True
Let z = -4 + 6. Suppose -3*j - 34 = -3*i - 1, 0 = 4*i - z*j - 34. Suppose -m + i = -26. Is m a multiple of 9?
False
Let r be 4/8*24 - -1. Let u = r - -7. Is u a multiple of 10?
True
Suppose -127 + 327 = -4*r. Does 12 divide 1/2 - r/4?
False
Suppose -